{"id":309,"date":"2020-01-13T11:17:52","date_gmt":"2020-01-13T11:17:52","guid":{"rendered":"https:\/\/demosites.io\/web-agency-gb\/?page_id=5"},"modified":"2026-03-26T16:51:35","modified_gmt":"2026-03-26T15:51:35","slug":"15c42-web-agency-gb-home","status":"publish","type":"page","link":"https:\/\/spagyria.pl\/","title":{"rendered":"SPAGYRIA"},"content":{"rendered":"\n<div class=\"wp-block-cover alignfull is-light\" style=\"min-height:700px;aspect-ratio:unset;\"><img loading=\"lazy\" decoding=\"async\" width=\"1366\" height=\"768\" class=\"wp-block-cover__image-background wp-image-109\" alt=\"\" src=\"http:\/\/spagyria.pl\/wp-content\/uploads\/2020\/07\/web-design-studio-01.jpg.jpg\" style=\"object-position:50% 64%\" data-object-fit=\"cover\" data-object-position=\"50% 64%\" srcset=\"https:\/\/spagyria.pl\/wp-content\/uploads\/2020\/07\/web-design-studio-01.jpg.jpg 1366w, https:\/\/spagyria.pl\/wp-content\/uploads\/2020\/07\/web-design-studio-01.jpg-300x169.jpg 300w\" sizes=\"auto, (max-width: 1366px) 100vw, 1366px\" \/><span aria-hidden=\"true\" class=\"wp-block-cover__background has-background-dim-0 has-background-dim\"><\/span><div class=\"wp-block-cover__inner-container is-layout-flow wp-block-cover-is-layout-flow\">\n<div style=\"height:80px\" aria-hidden=\"true\" class=\"wp-block-spacer\"><\/div>\n\n\n\n<h1 class=\"wp-block-heading has-text-align-center has-text-color\" style=\"color:#121212\">SPAGYRIA <br>ALCHEMIA RO\u015aLIN<\/h1>\n\n\n\n<p class=\"has-text-align-center has-text-color\" style=\"color:#121212\">SPAO (rozdziela\u0107, ci\u0105\u0107, otwiera\u0107) i, po oczyszczeniu i dynamizacji, AGEIRO (\u0142\u0105czy\u0107, jednoczy\u0107, sk\u0142ada\u0107). SPAO to \u201erozbi\u0107 dom\u201d dawnych koncepcji natury, a AGEIRO to po\u0142\u0105czenie czystych cz\u0119\u015bci, mi\u0142osne spotkanie kwintesencji rzeczy.<\/p>\n\n\n\n<div class=\"wp-block-buttons is-horizontal is-content-justification-center is-layout-flex wp-container-core-buttons-is-layout-499968f5 wp-block-buttons-is-layout-flex\">\n<div class=\"wp-block-button is-style-primary\"><a class=\"wp-block-button__link wp-element-button\" href=\"https:\/\/spagyria.pl\/web-agency-gb-about-us\/\">SPAGYRIA<\/a><\/div>\n\n\n\n<div class=\"wp-block-button is-style-secondary\"><a class=\"wp-block-button__link wp-element-button\" href=\"https:\/\/spagyria.pl\/web-agency-gb-contact-us\/\">ALCHEMIA<\/a><\/div>\n<\/div>\n\n\n\n<div style=\"height:80px\" aria-hidden=\"true\" class=\"wp-block-spacer\"><\/div>\n\n\n\n<div style=\"height:80px\" aria-hidden=\"true\" class=\"wp-block-spacer\"><\/div>\n<\/div><\/div>\n\n\n\n<div style=\"height:80px\" aria-hidden=\"true\" class=\"wp-block-spacer\"><\/div>\n\n\n\n<div class=\"wp-block-columns is-layout-flex wp-container-core-columns-is-layout-9d6595d7 wp-block-columns-is-layout-flex\">\n<div class=\"wp-block-column is-layout-flow wp-block-column-is-layout-flow\"><div class=\"wp-block-image icon-style is-style-rounded\">\n<figure class=\"aligncenter size-large\"><img decoding=\"async\" src=\"http:\/\/spagyria.pl\/wp-content\/uploads\/2020\/01\/neve-webdesign-GB-03.png\" alt=\"\" class=\"wp-image-20\" title=\"\"\/><\/figure>\n<\/div>\n\n\n<div style=\"height:20px\" aria-hidden=\"true\" class=\"wp-block-spacer\"><\/div>\n\n\n\n<h3 class=\"wp-block-heading has-text-align-center has-neve-text-color-color has-text-color\">Nasze wyj\u0105tkowe Alkohole<\/h3>\n\n\n\n<p class=\"has-text-align-center\">Petite Charmeuse: Esencja owocu. Ta woda to oda do gruszki. Delikatnie destylowana, oddaje finezj\u0119 i aromat tego owocu, zapewniaj\u0105c niezapomniane doznania smakowe.<\/p>\n\n\n\n<p>Absynt: Zielona Wr\u00f3\u017cka odradza si\u0119. Starannie destylowany z zi\u00f3\u0142 uprawianych w g\u00f3rach Valais, nasz rzemie\u015blniczy absynt oferuje Ci czaruj\u0105c\u0105 podr\u00f3\u017c, po\u0142\u0105czenie tradycji i czysto\u015bci.<\/p>\n\n\n\n<p>Pastis: Stworzony wed\u0142ug unikalnej receptury, \u0142\u0105czy any\u017c z aromatycznymi ro\u015blinami, tworz\u0105c \u015bwie\u017cy i z\u0142o\u017cony nap\u00f3j.<\/p>\n\n\n\n<div style=\"height:20px\" aria-hidden=\"true\" class=\"wp-block-spacer\"><\/div>\n<\/div>\n\n\n\n<div class=\"wp-block-column is-layout-flow wp-block-column-is-layout-flow\"><div class=\"wp-block-image icon-style is-style-rounded\">\n<figure class=\"aligncenter size-large\"><img decoding=\"async\" src=\"http:\/\/spagyria.pl\/wp-content\/uploads\/2020\/01\/neve-webdesign-GB-04.png\" alt=\"\" class=\"wp-image-21\"\/><\/figure>\n<\/div>\n\n\n<div style=\"height:20px\" aria-hidden=\"true\" class=\"wp-block-spacer\"><\/div>\n\n\n\n<h3 class=\"wp-block-heading has-text-align-center has-neve-text-color-color has-text-color\">Koszyk alchemika<\/h3>\n\n\n\n<p class=\"has-text-align-center\">Propolis: Pszczele z\u0142oto, naturalna tarcza. Ta ochronna \u017cywica wzmacnia organizm, prawdziwy sprzymierzeniec w czasie upa\u0142\u00f3w.<\/p>\n\n\n\n<p>Theriac: Koncentrat z histori\u0105. Ta staro\u017cytna formu\u0142a, mieszanka zi\u00f3\u0142 i przypraw, to silny tonik.<\/p>\n\n\n\n<p>Szwedzkie nalewki: Wielki klasyk zio\u0142olecznictwa. Ten zio\u0142owy macerat idealnie wspomaga trawienie i dodaje witalno\u015bci.<\/p>\n\n\n\n<p class=\"has-text-align-center\">Ocet Czterech Z\u0142odziei: Legenda zamkni\u0119ta w butelce. Ten ocet z oczyszczaj\u0105cymi zio\u0142ami to odwieczny sekret dobrego samopoczucia.<\/p>\n\n\n\n<div style=\"height:20px\" aria-hidden=\"true\" class=\"wp-block-spacer\"><\/div>\n<\/div>\n\n\n\n<div class=\"wp-block-column is-layout-flow wp-block-column-is-layout-flow\"><div class=\"wp-block-image icon-style is-style-rounded\">\n<figure class=\"aligncenter size-large\"><img decoding=\"async\" src=\"http:\/\/spagyria.pl\/wp-content\/uploads\/2020\/01\/neve-webdesign-GB-01.png\" alt=\"\" class=\"wp-image-18\"\/><\/figure>\n<\/div>\n\n\n<div style=\"height:20px\" aria-hidden=\"true\" class=\"wp-block-spacer\"><\/div>\n\n\n\n<h3 class=\"wp-block-heading has-text-align-center has-neve-text-color-color has-text-color\">Warsztaty: Destylacja i Spagiryka<\/h3>\n\n\n\n<p class=\"has-text-align-center\">Matthieu Fr\u00e9con, destylator i alchemik, zaprasza do odkrycia swojej wyj\u0105tkowej wiedzy w Valais. Jego praktyczne warsztaty oferuj\u0105 mo\u017cliwo\u015b\u0107 poznania tajnik\u00f3w destylacji, od zbioru ro\u015blin po produkcj\u0119 eaux-de-vie i hydrolat\u00f3w. Podzieli si\u0119 r\u00f3wnie\u017c swoj\u0105 wiedz\u0105 na temat spagiryki. To wyj\u0105tkowa okazja, aby naby\u0107 umiej\u0119tno\u015bci przodk\u00f3w i zrozumie\u0107 g\u0142\u0119boki zwi\u0105zek mi\u0119dzy natur\u0105 a dobrostanem.<\/p>\n\n\n\n<div style=\"height:20px\" aria-hidden=\"true\" class=\"wp-block-spacer\"><\/div>\n<\/div>\n<\/div>\n\n\n\n<div style=\"height:80px\" aria-hidden=\"true\" class=\"wp-block-spacer\"><\/div>\n\n\n\n<div class=\"wp-block-cover alignfull\" style=\"min-height:600px;aspect-ratio:unset;\"><span aria-hidden=\"true\" class=\"wp-block-cover__background has-nv-light-bg-background-color has-background-dim-100 has-background-dim\"><\/span><div class=\"wp-block-cover__inner-container is-layout-flow wp-block-cover-is-layout-flow\">\n<div class=\"wp-block-group\"><div class=\"wp-block-group__inner-container is-layout-flow wp-block-group-is-layout-flow\">\n<div style=\"height:80px\" aria-hidden=\"true\" class=\"wp-block-spacer\"><\/div>\n\n\n\n<div class=\"wp-block-columns are-vertically-aligned-center is-layout-flex wp-container-core-columns-is-layout-9d6595d7 wp-block-columns-is-layout-flex\">\n<div class=\"wp-block-column is-vertically-aligned-center is-layout-flow wp-block-column-is-layout-flow\" style=\"flex-basis:50%\">\n<figure class=\"wp-block-image size-large\"><img loading=\"lazy\" decoding=\"async\" width=\"778\" height=\"1024\" src=\"http:\/\/spagyria.pl\/wp-content\/uploads\/2025\/12\/Rose-TdeM-1-778x1024.png\" alt=\"\" class=\"wp-image-25\" srcset=\"https:\/\/spagyria.pl\/wp-content\/uploads\/2025\/12\/Rose-TdeM-1-778x1024.png 778w, https:\/\/spagyria.pl\/wp-content\/uploads\/2025\/12\/Rose-TdeM-1-228x300.png 228w, https:\/\/spagyria.pl\/wp-content\/uploads\/2025\/12\/Rose-TdeM-1-768x1010.png 768w, https:\/\/spagyria.pl\/wp-content\/uploads\/2025\/12\/Rose-TdeM-1.png 982w\" sizes=\"auto, (max-width: 778px) 100vw, 778px\" \/><\/figure>\n<\/div>\n\n\n\n<div class=\"wp-block-column is-vertically-aligned-center is-layout-flow wp-block-column-is-layout-flow\" style=\"flex-basis:50%\">\n<div style=\"height:20px\" aria-hidden=\"true\" class=\"wp-block-spacer\"><\/div>\n\n\n\n<h2 class=\"wp-block-heading has-text-align-left has-neve-text-color-color has-text-color\">Destylarz i alchemik            <\/h2>\n\n\n\n<p class=\"has-text-align-left has-neve-text-color-color has-text-color\" style=\"font-size:17px\">Od ponad dw\u00f3ch dekad Matthieu Fr\u00e9con zg\u0142\u0119bia staro\u017cytn\u0105 i fascynuj\u0105c\u0105 sztuk\u0119: destylacj\u0119. Jego podr\u00f3\u017c zaprowadzi\u0142a go do serca Alp Walijskich, gdzie za\u0142o\u017cy\u0142 laboratorium i destylarni\u0119. Ten rzemie\u015blnik to nie tylko destylator, to prawdziwy alchemik i zielarz. Czerpie z otaczaj\u0105cej go natury, kt\u00f3ra jest niewyczerpanym \u017ar\u00f3d\u0142em inspiracji i surowc\u00f3w.<br>W destylarni Bagnes, znanej r\u00f3wnie\u017c jako Edelweiss Distillery, tworzy unikatowe kreacje, przesi\u0105kni\u0119te filozofi\u0105, w kt\u00f3rej szacunek dla ro\u015bliny, r\u0119czna kunszt i d\u0105\u017cenie do czysto\u015bci \u0142\u0105cz\u0105 si\u0119 ze sob\u0105. Jego trunki, zar\u00f3wno zio\u0142owe eaux-de-vie, jak i g\u00f3rski absynt, odzwierciedlaj\u0105 minimalistyczne i autentyczne podej\u015bcie. Wykorzystuj\u0105c dzikie zio\u0142a i lokalne owoce, zapewnia wyj\u0105tkow\u0105 jako\u015b\u0107 swoich produkt\u00f3w, jednocze\u015bnie podkre\u015blaj\u0105c bogactwo szwajcarskiego terroir.<\/p>\n\n\n\n<p class=\"has-text-align-left has-neve-text-color-color has-text-color\" style=\"font-size:17px\"><\/p>\n\n\n\n<div class=\"wp-block-buttons is-horizontal is-content-justification-left is-layout-flex wp-container-core-buttons-is-layout-7e5fce0a wp-block-buttons-is-layout-flex\">\n<div class=\"wp-block-button is-style-primary\"><a class=\"wp-block-button__link wp-element-button\" href=\"https:\/\/spagyria.pl\/web-agency-gb-portfolio-single\/\">LEARN MORE<\/a><\/div>\n<\/div>\n<\/div>\n<\/div>\n\n\n\n<div style=\"height:40px\" aria-hidden=\"true\" class=\"wp-block-spacer\"><\/div>\n<\/div><\/div>\n<\/div><\/div>\n\n\n\n<div class=\"wp-block-cover alignfull\" style=\"min-height:600px;aspect-ratio:unset;\"><span aria-hidden=\"true\" class=\"wp-block-cover__background has-nv-site-bg-background-color has-background-dim-100 has-background-dim\"><\/span><div class=\"wp-block-cover__inner-container is-layout-flow wp-block-cover-is-layout-flow\">\n<div class=\"wp-block-group\"><div class=\"wp-block-group__inner-container is-layout-flow wp-block-group-is-layout-flow\">\n<div style=\"height:80px\" aria-hidden=\"true\" class=\"wp-block-spacer\"><\/div>\n\n\n\n<div class=\"wp-block-columns are-vertically-aligned-center is-layout-flex wp-container-core-columns-is-layout-9d6595d7 wp-block-columns-is-layout-flex\">\n<div class=\"wp-block-column is-vertically-aligned-center is-layout-flow wp-block-column-is-layout-flow\" style=\"flex-basis:50%\">\n<h2 class=\"wp-block-heading has-text-align-left has-neve-text-color-color has-text-color\">SPAGYRIA<\/h2>\n\n\n\n<p>W ramach programu nauczania, alchemia, spagiryka i wysoka magia to trzy g\u0142\u00f3wne dyscypliny nauczane w ci\u0105gu czterech lat kompleksowych studi\u00f3w.<\/p>\n\n\n\n<p>Samo s\u0142owo \u201espagiryka\u201d zosta\u0142o prawdopodobnie ukute przez Paracelsusa, w oparciu o greck\u0105 etymologi\u0119.<\/p>\n\n\n\n<p>Sk\u0142ada si\u0119 ono z dw\u00f3ch termin\u00f3w: czasownika \u201espao\u201d, oznaczaj\u0105cego \u201erozdziela\u0107\u201d, oraz czasownika \u201eageiro\u201d, oznaczaj\u0105cego \u201e\u0142\u0105czy\u0107 ponownie\u201d.<\/p>\n\n\n\n<p>Spagiryka polega na rozdzielaniu materia\u0142u ro\u015blinnego na cz\u0119\u015bci sk\u0142adowe.<\/p>\n\n\n\n<p>Nast\u0119pnie oczyszcza te cz\u0119\u015bci i \u0142\u0105czy je ponownie, tworz\u0105c now\u0105 substancj\u0119.<\/p>\n\n\n\n<div class=\"wp-block-buttons is-horizontal is-content-justification-left is-layout-flex wp-container-core-buttons-is-layout-7e5fce0a wp-block-buttons-is-layout-flex\">\n<div class=\"wp-block-button is-style-primary\"><a class=\"wp-block-button__link wp-element-button\" href=\"https:\/\/spagyria.pl\/web-agency-gb-portfolio-single\/\">LEARN MORE<\/a><\/div>\n<\/div>\n\n\n\n<div style=\"height:40px\" aria-hidden=\"true\" class=\"wp-block-spacer\"><\/div>\n<\/div>\n\n\n\n<div class=\"wp-block-column is-vertically-aligned-center is-layout-flow wp-block-column-is-layout-flow\" style=\"flex-basis:50%\">\n<figure class=\"wp-block-image size-large is-resized\"><img loading=\"lazy\" decoding=\"async\" width=\"770\" height=\"1024\" src=\"http:\/\/spagyria.pl\/wp-content\/uploads\/2025\/12\/TdeM-dehors-hivers\u2026-770x1024.png\" alt=\"\" class=\"wp-image-19\" style=\"aspect-ratio:0.7519738069088422;width:527px;height:auto\" srcset=\"https:\/\/spagyria.pl\/wp-content\/uploads\/2025\/12\/TdeM-dehors-hivers\u2026-770x1024.png 770w, https:\/\/spagyria.pl\/wp-content\/uploads\/2025\/12\/TdeM-dehors-hivers\u2026-225x300.png 225w, https:\/\/spagyria.pl\/wp-content\/uploads\/2025\/12\/TdeM-dehors-hivers\u2026-768x1022.png 768w, https:\/\/spagyria.pl\/wp-content\/uploads\/2025\/12\/TdeM-dehors-hivers\u2026.png 998w\" sizes=\"auto, (max-width: 770px) 100vw, 770px\" \/><\/figure>\n<\/div>\n<\/div>\n\n\n\n<div style=\"height:40px\" aria-hidden=\"true\" class=\"wp-block-spacer\"><\/div>\n<\/div><\/div>\n<\/div><\/div>\n\n\n\n<div class=\"wp-block-cover alignfull\" style=\"min-height:600px;aspect-ratio:unset;\"><span aria-hidden=\"true\" class=\"wp-block-cover__background has-nv-dark-bg-background-color has-background-dim-100 has-background-dim\"><\/span><div class=\"wp-block-cover__inner-container is-layout-flow wp-block-cover-is-layout-flow\">\n<div class=\"wp-block-group\"><div class=\"wp-block-group__inner-container is-layout-flow wp-block-group-is-layout-flow\">\n<div style=\"height:80px\" aria-hidden=\"true\" class=\"wp-block-spacer\"><\/div>\n\n\n\n<div class=\"wp-block-columns are-vertically-aligned-center is-layout-flex wp-container-core-columns-is-layout-9d6595d7 wp-block-columns-is-layout-flex\">\n<div class=\"wp-block-column is-vertically-aligned-center is-layout-flow wp-block-column-is-layout-flow\" style=\"flex-basis:50%\">\n<figure class=\"wp-block-image size-large\"><img decoding=\"async\" src=\"http:\/\/spagyria.pl\/wp-content\/uploads\/2020\/01\/neve-web-design-bg-08.jpg\" alt=\"\" class=\"wp-image-35\"\/><\/figure>\n<\/div>\n\n\n\n<div class=\"wp-block-column is-vertically-aligned-center is-layout-flow wp-block-column-is-layout-flow\" style=\"flex-basis:50%\">\n<h2 class=\"wp-block-heading has-text-align-left has-nv-text-dark-bg-color has-text-color\">We are driven by values<\/h2>\n\n\n\n<p class=\"has-text-align-left has-nv-text-dark-bg-color has-text-color\" style=\"font-size:17px\"><strong>Integrity and Excellence<br><\/strong>At the heart of our agency lies a commitment to integrity and excellence. We believe in doing the right thing for our clients and our team, ensuring that every project is handled with the utmost professionalism.<\/p>\n\n\n\n<p class=\"has-nv-text-dark-bg-color has-text-color has-link-color wp-elements-d31321f1fe729722b218d165d729246c\"><strong>Passionate Creativity<br><\/strong>Our creative process is fueled by passion. We strive to innovate and push boundaries in web design, ensuring each project is not only functional but also artistically exceptional.<\/p>\n\n\n\n<p class=\"has-text-align-left has-nv-text-dark-bg-color has-text-color\" style=\"font-size:17px\"><strong>Client-Centric Approach<br><\/strong>Your vision is our mission. We prioritize your needs and goals, delivering personalized service and tailored solutions that align with your business. <\/p>\n<\/div>\n<\/div>\n\n\n\n<div style=\"height:50px\" aria-hidden=\"true\" class=\"wp-block-spacer\"><\/div>\n<\/div><\/div>\n<\/div><\/div>\n\n\n\n<div class=\"wp-block-cover alignfull\" style=\"min-height:600px;aspect-ratio:unset;\"><span aria-hidden=\"true\" class=\"wp-block-cover__background has-nv-site-bg-background-color has-background-dim-100 has-background-dim\"><\/span><div class=\"wp-block-cover__inner-container is-layout-flow wp-block-cover-is-layout-flow\">\n<div class=\"wp-block-group\"><div class=\"wp-block-group__inner-container is-layout-flow wp-block-group-is-layout-flow\">\n<div style=\"height:80px\" aria-hidden=\"true\" class=\"wp-block-spacer\"><\/div>\n\n\n\n<h2 class=\"wp-block-heading has-neve-text-color-color has-text-color\">Featured Work<\/h2>\n\n\n\n<div style=\"height:20px\" aria-hidden=\"true\" class=\"wp-block-spacer\"><\/div>\n\n\n\n<div class=\"wp-block-columns are-vertically-aligned-center is-layout-flex wp-container-core-columns-is-layout-9d6595d7 wp-block-columns-is-layout-flex\">\n<div class=\"wp-block-column is-vertically-aligned-center is-layout-flow wp-block-column-is-layout-flow\" style=\"flex-basis:50%\">\n<figure class=\"wp-block-image size-large\"><a href=\"https:\/\/spagyria.pl\/web-agency-gb-portfolio-single\/\"><img decoding=\"async\" src=\"http:\/\/spagyria.pl\/wp-content\/uploads\/2020\/01\/neve-web-design-bg-12.jpg\" alt=\"\" class=\"wp-image-39\"\/><\/a><\/figure>\n\n\n\n<div style=\"height:40px\" aria-hidden=\"true\" class=\"wp-block-spacer\"><\/div>\n<\/div>\n\n\n\n<div class=\"wp-block-column is-vertically-aligned-center is-layout-flow wp-block-column-is-layout-flow\" style=\"flex-basis:50%\">\n<figure class=\"wp-block-image size-large\"><a href=\"https:\/\/spagyria.pl\/web-agency-gb-portfolio-single\/\"><img decoding=\"async\" src=\"http:\/\/spagyria.pl\/wp-content\/uploads\/2020\/01\/neve-web-design-bg-13.jpg\" alt=\"\" class=\"wp-image-40\"\/><\/a><\/figure>\n\n\n\n<div style=\"height:40px\" aria-hidden=\"true\" class=\"wp-block-spacer\"><\/div>\n<\/div>\n<\/div>\n\n\n\n<div style=\"height:40px\" aria-hidden=\"true\" class=\"wp-block-spacer\"><\/div>\n<\/div><\/div>\n<\/div><\/div>\n\n\n\n<div class=\"wp-block-cover alignfull\" style=\"min-height:420px;aspect-ratio:unset;\"><span aria-hidden=\"true\" class=\"wp-block-cover__background has-nv-light-bg-background-color has-background-dim-100 has-background-dim\"><\/span><div class=\"wp-block-cover__inner-container is-layout-flow wp-block-cover-is-layout-flow\">\n<div style=\"height:80px\" aria-hidden=\"true\" class=\"wp-block-spacer\"><\/div>\n\n\n\n<div class=\"wp-block-columns is-layout-flex wp-container-core-columns-is-layout-9d6595d7 wp-block-columns-is-layout-flex\">\n<div class=\"wp-block-column ticss-4ce656f1 is-layout-flow wp-block-column-is-layout-flow\">\n<figure class=\"wp-block-image size-large is-resized is-style-rounded\"><img loading=\"lazy\" decoding=\"async\" width=\"400\" height=\"400\" src=\"http:\/\/spagyria.pl\/wp-content\/uploads\/2020\/12\/neve-web-design-studio-03.1.jpg\" alt=\"\" class=\"wp-image-215\" style=\"width:80px;height:80px\" srcset=\"https:\/\/spagyria.pl\/wp-content\/uploads\/2020\/12\/neve-web-design-studio-03.1.jpg 400w, https:\/\/spagyria.pl\/wp-content\/uploads\/2020\/12\/neve-web-design-studio-03.1-300x300.jpg 300w, https:\/\/spagyria.pl\/wp-content\/uploads\/2020\/12\/neve-web-design-studio-03.1-150x150.jpg 150w\" sizes=\"auto, (max-width: 400px) 100vw, 400px\" \/><\/figure>\n\n\n\n<div style=\"height:24px\" aria-hidden=\"true\" class=\"wp-block-spacer\"><\/div>\n\n\n\n<p class=\"has-text-align-left has-neve-text-color-color has-text-color\">&#8220;Working with this team was a game-changer for our business. They not only redesigned our website but also enhanced our online presence dramatically. Highly recommend their services!&#8221;<\/p>\n\n\n\n<p class=\"has-neve-text-color-color has-text-color\"><strong>JANET MORRIS<\/strong><\/p>\n\n\n\n<div style=\"height:20px\" aria-hidden=\"true\" class=\"wp-block-spacer\"><\/div>\n<\/div>\n\n\n\n<div class=\"wp-block-column ticss-f6fc7494 is-layout-flow wp-block-column-is-layout-flow\">\n<figure class=\"wp-block-image size-large is-resized is-style-rounded\"><img loading=\"lazy\" decoding=\"async\" width=\"400\" height=\"400\" src=\"http:\/\/spagyria.pl\/wp-content\/uploads\/2020\/12\/neve-web-design-studio-04.1.jpg\" alt=\"\" class=\"wp-image-216\" style=\"width:80px;height:80px\" srcset=\"https:\/\/spagyria.pl\/wp-content\/uploads\/2020\/12\/neve-web-design-studio-04.1.jpg 400w, https:\/\/spagyria.pl\/wp-content\/uploads\/2020\/12\/neve-web-design-studio-04.1-300x300.jpg 300w, https:\/\/spagyria.pl\/wp-content\/uploads\/2020\/12\/neve-web-design-studio-04.1-150x150.jpg 150w\" sizes=\"auto, (max-width: 400px) 100vw, 400px\" \/><\/figure>\n\n\n\n<div style=\"height:24px\" aria-hidden=\"true\" class=\"wp-block-spacer\"><\/div>\n\n\n\n<p class=\"has-text-align-left has-neve-text-color-color has-text-color\">&#8220;The level of detail and creativity this agency brings to the table is phenomenal. They truly understood our brand and executed a website that reflects our mission perfectly. Exceptional work!&#8221;<\/p>\n\n\n\n<p class=\"has-neve-text-color-color has-text-color\"><strong>WILLIE BROWN<\/strong><\/p>\n\n\n\n<div style=\"height:20px\" aria-hidden=\"true\" class=\"wp-block-spacer\"><\/div>\n<\/div>\n\n\n\n<div class=\"wp-block-column ticss-a5b4df29 is-layout-flow wp-block-column-is-layout-flow\">\n<figure class=\"wp-block-image size-large is-resized is-style-rounded\"><img loading=\"lazy\" decoding=\"async\" width=\"400\" height=\"400\" src=\"http:\/\/spagyria.pl\/wp-content\/uploads\/2020\/12\/neve-web-design-studio-02.1.jpg\" alt=\"\" class=\"wp-image-214\" style=\"width:80px;height:80px\" srcset=\"https:\/\/spagyria.pl\/wp-content\/uploads\/2020\/12\/neve-web-design-studio-02.1.jpg 400w, https:\/\/spagyria.pl\/wp-content\/uploads\/2020\/12\/neve-web-design-studio-02.1-300x300.jpg 300w, https:\/\/spagyria.pl\/wp-content\/uploads\/2020\/12\/neve-web-design-studio-02.1-150x150.jpg 150w\" sizes=\"auto, (max-width: 400px) 100vw, 400px\" \/><\/figure>\n\n\n\n<div style=\"height:24px\" aria-hidden=\"true\" class=\"wp-block-spacer\"><\/div>\n\n\n\n<p class=\"has-text-align-left has-neve-text-color-color has-text-color\">&#8220;I&#8217;m thoroughly impressed by the professionalism and expertise of the entire team. They delivered on time and exceeded our expectations with a stunning, user-friendly site.&#8221;<\/p>\n\n\n\n<p class=\"has-neve-text-color-color has-text-color\"><strong>SEAN FISHER<\/strong><\/p>\n\n\n\n<div style=\"height:20px\" aria-hidden=\"true\" class=\"wp-block-spacer\"><\/div>\n<\/div>\n<\/div>\n\n\n\n<div style=\"height:30px\" aria-hidden=\"true\" class=\"wp-block-spacer\"><\/div>\n<\/div><\/div>\n\n\n\n<div class=\"wp-block-cover alignfull\" style=\"min-height:300px;aspect-ratio:unset;\"><span aria-hidden=\"true\" class=\"wp-block-cover__background has-nv-dark-bg-background-color has-background-dim-100 has-background-dim\"><\/span><div class=\"wp-block-cover__inner-container is-layout-flow wp-block-cover-is-layout-flow\">\n<div style=\"height:140px\" aria-hidden=\"true\" class=\"wp-block-spacer\"><\/div>\n\n\n\n<h2 class=\"wp-block-heading has-text-align-center has-nv-text-dark-bg-color has-text-color\">Let\u2019s work together on your <br>next web project<\/h2>\n\n\n\n<p class=\"has-text-align-center\">Every project is a journey, and we are here to guide you every step of the way.<\/p>\n\n\n\n<div class=\"wp-block-buttons is-horizontal is-content-justification-center is-layout-flex wp-container-core-buttons-is-layout-499968f5 wp-block-buttons-is-layout-flex\">\n<div class=\"wp-block-button is-style-primary\"><a class=\"wp-block-button__link wp-element-button\" href=\"https:\/\/spagyria.pl\/web-agency-gb-contact-us\/\">LEARN MORE<\/a><\/div>\n<\/div>\n\n\n\n<div style=\"height:140px\" aria-hidden=\"true\" class=\"wp-block-spacer\"><\/div>\n<\/div><\/div>\n","protected":false},"excerpt":{"rendered":"<p>Nasze wyj\u0105tkowe Alkohole Petite Charmeuse: Esencja owocu. Ta woda to oda do gruszki. Delikatnie destylowana, oddaje finezj\u0119 i aromat tego owocu, zapewniaj\u0105c niezapomniane doznania smakowe. Absynt: Zielona Wr\u00f3\u017cka odradza si\u0119. Starannie destylowany z zi\u00f3\u0142 uprawianych w g\u00f3rach Valais, nasz rzemie\u015blniczy absynt oferuje Ci czaruj\u0105c\u0105 podr\u00f3\u017c, po\u0142\u0105czenie tradycji i czysto\u015bci. Pastis: Stworzony wed\u0142ug unikalnej receptury, \u0142\u0105czy&hellip;&nbsp;<a href=\"https:\/\/spagyria.pl\/\" rel=\"bookmark\"><span class=\"screen-reader-text\">SPAGYRIA<\/span><\/a><\/p>\n","protected":false},"author":1,"featured_media":0,"parent":0,"menu_order":0,"comment_status":"closed","ping_status":"closed","template":"","meta":{"neve_meta_sidebar":"default","neve_meta_container":"default","neve_meta_enable_content_width":"on","neve_meta_content_width":100,"neve_meta_title_alignment":"","neve_meta_author_avatar":"","neve_post_elements_order":"","neve_meta_disable_header":"","neve_meta_disable_footer":"","neve_meta_disable_title":"on","_themeisle_gutenberg_block_has_review":false,"footnotes":""},"class_list":["post-309","page","type-page","status-publish","hentry"],"jetpack_sharing_enabled":true,"_links":{"self":[{"href":"https:\/\/spagyria.pl\/index.php?rest_route=\/wp\/v2\/pages\/309","targetHints":{"allow":["GET"]}}],"collection":[{"href":"https:\/\/spagyria.pl\/index.php?rest_route=\/wp\/v2\/pages"}],"about":[{"href":"https:\/\/spagyria.pl\/index.php?rest_route=\/wp\/v2\/types\/page"}],"author":[{"embeddable":true,"href":"https:\/\/spagyria.pl\/index.php?rest_route=\/wp\/v2\/users\/1"}],"replies":[{"embeddable":true,"href":"https:\/\/spagyria.pl\/index.php?rest_route=%2Fwp%2Fv2%2Fcomments&post=309"}],"version-history":[{"count":13,"href":"https:\/\/spagyria.pl\/index.php?rest_route=\/wp\/v2\/pages\/309\/revisions"}],"predecessor-version":[{"id":453,"href":"https:\/\/spagyria.pl\/index.php?rest_route=\/wp\/v2\/pages\/309\/revisions\/453"}],"wp:attachment":[{"href":"https:\/\/spagyria.pl\/index.php?rest_route=%2Fwp%2Fv2%2Fmedia&parent=309"}],"curies":[{"name":"wp","href":"https:\/\/api.w.org\/{rel}","templated":true}]}}